?
1
Calculate the remainder when 832902 is divided by 59.
58
Calculate the remainder when 2399 is divided by 120.
119
What is the remainder when 573194 is divided by 6?
2
Calculate the remainder when 12413 is divided by 3047.
225
Calculate the remainder when 6004 is divided by 23.
1
What is the remainder when 535742 is divided by 133?
18
What is the remainder when 308062 is divided by 2?
0
What is the remainder when 11849 is divided by 656?
41
Calculate the remainder when 26605 is divided by 4317.
703
What is the remainder when 1265097 is divided by 25?
22
What is the remainder when 322215 is divided by 19?
13
Calculate the remainder when 91245 is divided by 91242.
3
Calculate the remainder when 32890 is divided by 6578.
0
Calculate the remainder when 10468 is divided by 109.
4
What is the remainder when 37197 is divided by 414?
351
What is the remainder when 34960 is divided by 1249?
1237
What is the remainder when 1772 is divided by 487?
311
Calculate the remainder when 15731 is divided by 981.
35
What is the remainder when 3727 is divided by 248?
7
What is the remainder when 578050 is divided by 106?
32
What is the remainder when 1995 is divided by 1431?
564
What is the remainder when 1049 is divided by 20?
9
What is the remainder when 5733 is divided by 262?
231
What is the remainder when 34034 is divided by 480?
434
What is the remainder when 216862 is divided by 331?
57
What is the remainder when 81320 is divided by 73?
71
What is the remainder when 20174 is divided by 10047?
80
Calculate the remainder when 2411 is divided by 28.
3
What is the remainder when 12348 is divided by 2023?
210
What is the remainder when 4026 is divided by 212?
210
Calculate the remainder when 6380 is divided by 355.
345
What is the remainder when 483 is divided by 369?
114
Calculate the remainder when 1459657 is divided by 457.
456
What is the remainder when 242946 is divided by 43?
39
What is the remainder when 26914 is divided by 791?
20
What is the remainder when 3846 is divided by 1913?
20
Calculate the remainder when 128049 is divided by 77.
75
Calculate the remainder when 738538 is divided by 6422.
8
What is the remainder when 2382 is divided by 617?
531
What is the remainder when 3192 is divided by 798?
0
Calculate the remainder when 82654 is divided by 63.
61
Calculate the remainder when 3212 is divided by 2985.
227
Calculate the remainder when 4893 is divided by 309.
258
What is the remainder when 22868 is divided by 72?
44
Calculate the remainder when 3949 is divided by 209.
187
What is the remainder when 1122 is divided by 27?
15
What is the remainder when 35617 is divided by 34?
19
Calculate the remainder when 8843 is divided by 277.
256
What is the remainder when 3490 is divided by 364?
214
Calculate the remainder when 519 is divided by 19.
6
What is the remainder when 604 is divided by 8?
4
What is the remainder when 1653 is divided by 161?
43
What is the remainder when 100018 is divided by 4348?
14
What is the remainder when 2739 is divided by 249?
0
What is the remainder when 599493 is divided by 8?
5
What is the remainder when 7057 is divided by 3468?
121
What is the remainder when 129176 is divided by 43034?
74
What is the remainder when 2969 is divided by 875?
344
Calculate the remainder when 14962 is divided by 47.
16
What is the remainder when 14803 is divided by 22?
19
What is the remainder when 3328 is divided by 5?
3
Calculate the remainder when 274426 is divided by 13.
9
Calculate the remainder when 8318 is divided by 1384.
14
What is the remainder when 337741 is divided by 44?
41
What is the remainder when 11494 is divided by 181?
91
Calculate the remainder when 48534 is divided by 511.
500
Calculate the remainder when 4422 is divided by 287.
117
What is the remainder when 1887 is divided by 145?
2
What is the remainder when 2643 is divided by 333?
312
What is the remainder when 153 is divided by 149?
4
What is the remainder when 7482 is divided by 3606?
270
Calculate the remainder when 332378 is divided by 125.
3
What is the remainder when 138780 is divided by 1374?
6
What is the remainder when 51788 is divided by 50?
38
Calculate the remainder when 2097 is divided by 747.
603
What is the remainder when 5799 is divided by 7?
3
What is the remainder when 4452 is divided by 1477?
21
Calculate the remainder when 216941 is divided by 404.
397
What is the remainder when 97 is divided by 54?
43
Calculate the remainder when 94367 is divided by 83.
79
Calculate the remainder when 1028713 is divided by 5.
3
Calculate the remainder when 169828 is divided by 51.
49
What is the remainder when 2145 is divided by 22?
11
What is the remainder when 16966 is divided by 46?
38
What is the remainder when 1176 is divided by 1018?
158
What is the remainder when 13714 is divided by 1371?
4
Calculate the remainder when 4809 is divided by 49.
7
What is the remainder when 798240 is divided by 30701?
14
What is the remainder when 14547 is divided by 3566?
283
What is the remainder when 3164 is divided by 330?
194
Calculate the remainder when 5435 is divided by 601.
26
Calculate the remainder when 4142 is divided by 2097.
2045
What is the remainder when 3147 is divided by 5?
2
Calculate the remainder when 1044 is divided by 535.
509
Calculate the remainder when 4895 is divided by 4.
3
Calculate the remainder when 39374 is divided by 23.
21
What is the remainder when 1234063 is divided by 15?
13
Calculate the remainder when 126710 is divided by 63345.
20
Calculate the remainder when 38772 is divided by 12917.
21
Calculate the remainder when 540387 is divided by 1673.
8
Calculate the remainder when 13298 is divided by 24.
2
Calculate the remainder when 6396 is divided by 418.
126
What is the remainder when 14354 is divided by 45?
44
What is the remainder when 3047 is divided by 243?
131
Calculate the remainder when 4409 is divided by 903.
797
What is the remainder when 1944 is divided by 1942?
2
What is the remainder when 18100 is divided by 26?
4
What is the remainder when 316478 is divided by 1048?
1030
What is the remainder when 18635 is divided by 750?
635
Calculate the remainder when 715207 is divided by 37.
34
Calculate the remainder when 6548 is divided by 27.
14
What is the remainder when 36163 is divided by 5?
3
What is the remainder when 20070 is divided by 223?
0
Calculate the remainder when 80534 is divided by 80442.
92
What is the remainder when 1944 is divided by 845?
254
Calculate the remainder when 1548 is divided by 582.
384
What is the remainder when 2277 is divided by 1959?
318
What is the remainder when 309762 is divided by 14?
12
Calculate the remainder when 216459 is divided by 72141.
36
Calculate the remainder when 18037 is divided by 22.
19
Calculate the remainder when 20625 is divided by 7.
3
What is the remainder when 7161 is divided by 1032?
969
Calculate the remainder when 69971 is divided by 21.
20
Calculate the remainder when 1167 is divided by 614.
553
Calculate the remainder when 10148 is divided by 74.
10
What is the remainder when 101202 is divided by 39?
36
What is the remainder when 4547 is divided by 87?
23
What is the remainder when 680 is divided by 123?
65
Calculate the remainder when 50169 is divided by 1670.
69
What is the remainder when 334119 is divided by 210?
9
What is the remainder when 16552 is divided by 8?
0
Calculate the remainder when 5890 is divided by 641.
121
What is the remainder when 243556 is divided by 442?
14
What is the remainder when 65180 is divided by 189?
164
Calculate the remainder when 74107 is divided by 950.
7
What is the remainder when 4045 is divided by 184?
181
What is the remainder when 1178 is divided by 29?
18
Calculate the remainder when 47236 is divided by 15683.
187
Calculate the remainder when 4611 is divided by 883.
196
Calculate the remainder when 3551 is divided by 1775.
1
What is the remainder when 176093 is divided by 461?
452
What is the remainder when 13913 is divided by 13900?
13
Calculate the remainder when 343 is divided by 109.
16
Calculate the remainder when 102724 is divided by 120.
4
What is the remainder when 74570 is divided by 21?
20
Calculate the remainder when 1141081 is divided by 30840.
1
Calculate the remainder when 1342233 is divided by 27.
9
Calculate the 